{"id":2984,"date":"2026-03-13T20:36:19","date_gmt":"2026-03-13T20:36:19","guid":{"rendered":"https:\/\/shop.kleiner-stern.ch\/?post_type=product&#038;p=2984"},"modified":"2026-03-13T20:36:19","modified_gmt":"2026-03-13T20:36:19","slug":"set-wendebeanie-mit-passendem-loop","status":"publish","type":"product","link":"https:\/\/shop.kleiner-stern.ch\/index.php\/product\/set-wendebeanie-mit-passendem-loop\/","title":{"rendered":"Set Wendebeanie mit passendem Loop"},"content":{"rendered":"<p data-start=\"68\" data-end=\"139\">Stylisches Set f\u00fcr die \u00dcbergangszeit \u2013 warm, weich und wandelbar!<\/p>\n<p data-start=\"141\" data-end=\"461\">Tolles Set bestehend aus Wendebeanie und passendem Loop aus weichem Jersey begleitet kleine Abenteurer zuverl\u00e4ssig durch die \u00dcbergangszeit. Das Wendebeanie l\u00e4sst sich nach Lust und Laune wenden \u2013 so gibt es gleich zwei Looks in einem! Der passende Loop h\u00e4lt den Hals angenehm warm, ohne einzuengen.<\/p>\n<p data-start=\"463\" data-end=\"498\">Perfekt f\u00fcr jede Gelegenheit:<\/p>\n<ul data-start=\"499\" data-end=\"707\">\n<li data-section-id=\"nxju0d\" data-start=\"499\" data-end=\"574\">\n<p data-start=\"501\" data-end=\"574\">Material: weicher, elastischer Jersey f\u00fcr Komfort und Bewegungsfreiheit<\/p>\n<\/li>\n<li data-section-id=\"6cr5qb\" data-start=\"575\" data-end=\"637\">\n<p data-start=\"577\" data-end=\"637\">Set: Wendebeanie + Loop, harmonisch aufeinander abgestimmt<\/p>\n<\/li>\n<li data-section-id=\"xoeqx7\" data-start=\"638\" data-end=\"707\">\n<p data-start=\"640\" data-end=\"707\">Ideal f\u00fcr Fr\u00fchling und Herbst \u2013 praktisch, stylisch und gem\u00fctlich<\/p>\n<\/li>\n<\/ul>\n","protected":false},"excerpt":{"rendered":"<p>Stylisches Set f\u00fcr die \u00dcbergangszeit \u2013 warm, weich und wandelbar! Tolles Set bestehend aus Wendebeanie und passendem Loop aus weichem Jersey begleitet kleine Abenteurer zuverl\u00e4ssig durch die \u00dcbergangszeit. Das Wendebeanie l\u00e4sst sich nach Lust und Laune wenden \u2013 so gibt es gleich zwei Looks in einem! Der passende Loop h\u00e4lt den Hals angenehm warm, ohne&#8230;<\/p>\n","protected":false},"featured_media":2985,"comment_status":"open","ping_status":"closed","template":"","meta":{"_bst_post_transparent":"default","_bst_post_title":"","_bst_post_layout":"default","_bst_post_sidebar_id":"","_bst_post_content_style":"default","_bst_post_vertical_padding":"default","_bst_post_feature":"","_bst_post_feature_position":"","_bst_post_header":false,"_bst_post_footer":false},"product_brand":[],"product_cat":[163],"product_tag":[],"product_brands":[],"class_list":{"0":"post-2984","1":"product","2":"type-product","3":"status-publish","4":"has-post-thumbnail","6":"product_cat-set-wendebeanie-mit-passendem-loop","7":"product_shipping_class-2-chf","9":"first","10":"instock","11":"sale","12":"shipping-taxable","13":"purchasable","14":"product-type-simple","15":"entry","16":"content-bg","17":"loop-entry"},"_links":{"self":[{"href":"https:\/\/shop.kleiner-stern.ch\/index.php\/wp-json\/wp\/v2\/product\/2984","targetHints":{"allow":["GET"]}}],"collection":[{"href":"https:\/\/shop.kleiner-stern.ch\/index.php\/wp-json\/wp\/v2\/product"}],"about":[{"href":"https:\/\/shop.kleiner-stern.ch\/index.php\/wp-json\/wp\/v2\/types\/product"}],"replies":[{"embeddable":true,"href":"https:\/\/shop.kleiner-stern.ch\/index.php\/wp-json\/wp\/v2\/comments?post=2984"}],"wp:featuredmedia":[{"embeddable":true,"href":"https:\/\/shop.kleiner-stern.ch\/index.php\/wp-json\/wp\/v2\/media\/2985"}],"wp:attachment":[{"href":"https:\/\/shop.kleiner-stern.ch\/index.php\/wp-json\/wp\/v2\/media?parent=2984"}],"wp:term":[{"taxonomy":"product_brand","embeddable":true,"href":"https:\/\/shop.kleiner-stern.ch\/index.php\/wp-json\/wp\/v2\/product_brand?post=2984"},{"taxonomy":"product_cat","embeddable":true,"href":"https:\/\/shop.kleiner-stern.ch\/index.php\/wp-json\/wp\/v2\/product_cat?post=2984"},{"taxonomy":"product_tag","embeddable":true,"href":"https:\/\/shop.kleiner-stern.ch\/index.php\/wp-json\/wp\/v2\/product_tag?post=2984"},{"taxonomy":"product_brands","embeddable":true,"href":"https:\/\/shop.kleiner-stern.ch\/index.php\/wp-json\/wp\/v2\/product_brands?post=2984"}],"curies":[{"name":"wp","href":"https:\/\/api.w.org\/{rel}","templated":true}]}}